
{"id":140,"date":"2010-05-12T15:15:28","date_gmt":"2010-05-12T15:15:28","guid":{"rendered":"http:\/\/www.formesrl.com\/?page_id=140"},"modified":"2013-12-04T10:37:33","modified_gmt":"2013-12-04T10:37:33","slug":"servizi","status":"publish","type":"page","link":"https:\/\/www.formesrl.com\/es\/productos\/servicios\/","title":{"rendered":"Servicios"},"content":{"rendered":"<p><img loading=\"lazy\" decoding=\"async\" class=\"alignnone bannerpagina size-full wp-image-1709\" title=\"banner-servizi\" src=\"https:\/\/www.formesrl.com\/wp-content\/uploads\/banner-servizi.jpg\" alt=\"\" width=\"640\" height=\"178\" srcset=\"https:\/\/www.formesrl.com\/wp-content\/uploads\/banner-servizi.jpg 640w, https:\/\/www.formesrl.com\/wp-content\/uploads\/banner-servizi-300x83.jpg 300w\" sizes=\"auto, (max-width: 640px) 100vw, 640px\" \/><\/p>\n<div class=\"containerblocchetti\">\n<div class=\"blocchettosx\">\n<h3 style=\"text-align: justify;\"><strong>Corte a medida<\/strong><\/h3>\n<p><img loading=\"lazy\" decoding=\"async\" class=\"alignnone size-full wp-image-1714\" title=\"mini-taglio\" src=\"https:\/\/www.formesrl.com\/wp-content\/uploads\/mini-taglio.jpg\" alt=\"\" width=\"308\" height=\"106\" srcset=\"https:\/\/www.formesrl.com\/wp-content\/uploads\/mini-taglio.jpg 308w, https:\/\/www.formesrl.com\/wp-content\/uploads\/mini-taglio-300x103.jpg 300w\" sizes=\"auto, (max-width: 308px) 100vw, 308px\" \/><\/p>\n<p style=\"text-align: justify;\">El perfil se suministra, a petici\u00f3n del cliente, en barras cortadas a medida con una tolerancia de  -0+3 mm. Las barras as\u00ed suministradas se podr\u00e1n utilizar inmediatamente, sin recortes ni costes a\u00f1adidos.<br \/>\n<strong>El servicio de corte es completamente gratuito.<\/strong><\/p>\n<p style=\"text-align: justify;\">\n<\/div>\n<div class=\"blocchettodx\">\n<h3 style=\"text-align: justify;\"><strong>Pronta entrega<\/strong><\/h3>\n<p><img loading=\"lazy\" decoding=\"async\" class=\"alignnone size-full wp-image-1715\" title=\"mini-prontaconsegna\" src=\"https:\/\/www.formesrl.com\/wp-content\/uploads\/mini-prontaconsegna.jpg\" alt=\"\" width=\"308\" height=\"106\" srcset=\"https:\/\/www.formesrl.com\/wp-content\/uploads\/mini-prontaconsegna.jpg 308w, https:\/\/www.formesrl.com\/wp-content\/uploads\/mini-prontaconsegna-300x103.jpg 300w\" sizes=\"auto, (max-width: 308px) 100vw, 308px\" \/><\/p>\n<p style=\"text-align: justify;\">El perfil laminado se puede entregar muy r\u00e1pidamente. El material est\u00e1 siempre disponible en el almac\u00e9n.<br \/>\nEl pedido se env\u00eda inmediatamente a la secci\u00f3n de corte que, si fuera necesario, consigue enviarlo incluso en pocas horas.\n<\/p>\n<p style=\"text-align: justify;\">\n<\/div>\n<div class=\"blocchettosx\">\n<h3 style=\"text-align: justify;\"><strong>Env\u00edo del material<\/strong><\/h3>\n<p><img loading=\"lazy\" decoding=\"async\" class=\"alignnone size-full wp-image-1716\" title=\"mini-trasporto\" src=\"https:\/\/www.formesrl.com\/wp-content\/uploads\/mini-trasporto.jpg\" alt=\"\" width=\"308\" height=\"106\" srcset=\"https:\/\/www.formesrl.com\/wp-content\/uploads\/mini-trasporto.jpg 308w, https:\/\/www.formesrl.com\/wp-content\/uploads\/mini-trasporto-300x103.jpg 300w\" sizes=\"auto, (max-width: 308px) 100vw, 308px\" \/><\/p>\n<p style=\"text-align: justify;\">No siempre las empresas est\u00e1n equipadas para retirar el material con sus veh\u00edculos y a menudo deben contratar nuevos transportistas con costes elevados.<br \/>\n<em>Forme<\/em> ofrece la posibilidad de realizar el transporte con empresas concertadas, con costes bajos, cargando a los clientes el importe directamente en la factura..<\/p>\n<p style=\"text-align: justify;\">\n<\/div>\n<div class=\"blocchettodx\">\n<h3 style=\"text-align: justify;\"><strong>Posventa<\/strong><\/h3>\n<p style=\"text-align: justify;\"><em><img loading=\"lazy\" decoding=\"async\" class=\"alignnone size-full wp-image-1969\" title=\"mini-postvendita\" src=\"https:\/\/www.formesrl.com\/wp-content\/uploads\/mini-postvendita.jpg\" alt=\"\" width=\"308\" height=\"106\" srcset=\"https:\/\/www.formesrl.com\/wp-content\/uploads\/mini-postvendita.jpg 308w, https:\/\/www.formesrl.com\/wp-content\/uploads\/mini-postvendita-300x103.jpg 300w\" sizes=\"auto, (max-width: 308px) 100vw, 308px\" \/><\/em><\/p>\n<p style=\"text-align: justify;\"><em>Forme<\/em> ofrece al cliente un servicio t\u00e9cnico pre y posventa. Nuestros encargados est\u00e1n a completa disposici\u00f3n para proporcionar asesoramiento con respecto al tipo de perfil necesario, su correcta aplicaci\u00f3n y tipo de cojinete correspondiente.<br \/>\n<em>Forme<\/em> es responsable del producto suministrado, siempre que se utilice correctamente<\/p>\n<p style=\"text-align: justify;\">\n<\/div>\n<\/div>\n<p><\/p>","protected":false},"excerpt":{"rendered":"<p>Corte a medida El perfil se suministra, a petici\u00f3n del cliente, en barras cortadas a medida con una tolerancia de -0+3 mm. Las barras as\u00ed suministradas se podr\u00e1n utilizar inmediatamente, sin recortes ni costes a\u00f1adidos. El servicio de corte es completamente gratuito. Pronta entrega El perfil laminado se puede entregar muy r\u00e1pidamente. El material est\u00e1 [&hellip;]<\/p>\n","protected":false},"author":1,"featured_media":0,"parent":24,"menu_order":3,"comment_status":"open","ping_status":"open","template":"","meta":{"footnotes":""},"class_list":["post-140","page","type-page","status-publish","hentry"],"_links":{"self":[{"href":"https:\/\/www.formesrl.com\/es\/wp-json\/wp\/v2\/pages\/140","targetHints":{"allow":["GET"]}}],"collection":[{"href":"https:\/\/www.formesrl.com\/es\/wp-json\/wp\/v2\/pages"}],"about":[{"href":"https:\/\/www.formesrl.com\/es\/wp-json\/wp\/v2\/types\/page"}],"author":[{"embeddable":true,"href":"https:\/\/www.formesrl.com\/es\/wp-json\/wp\/v2\/users\/1"}],"replies":[{"embeddable":true,"href":"https:\/\/www.formesrl.com\/es\/wp-json\/wp\/v2\/comments?post=140"}],"version-history":[{"count":30,"href":"https:\/\/www.formesrl.com\/es\/wp-json\/wp\/v2\/pages\/140\/revisions"}],"predecessor-version":[{"id":3205,"href":"https:\/\/www.formesrl.com\/es\/wp-json\/wp\/v2\/pages\/140\/revisions\/3205"}],"up":[{"embeddable":true,"href":"https:\/\/www.formesrl.com\/es\/wp-json\/wp\/v2\/pages\/24"}],"wp:attachment":[{"href":"https:\/\/www.formesrl.com\/es\/wp-json\/wp\/v2\/media?parent=140"}],"curies":[{"name":"wp","href":"https:\/\/api.w.org\/{rel}","templated":true}]}}

<p><img loading="lazy" decoding="async" class="alignnone bannerpagina size-full wp-image-1709" title="banner-servizi" src="https://www.formesrl.com/wp-content/uploads/banner-servizi.jpg" alt="" width="640" height="178" srcset="https://www.formesrl.com/wp-content/uploads/banner-servizi.jpg 640w, https://www.formesrl.com/wp-content/uploads/banner-servizi-300x83.jpg 300w" sizes="auto, (max-width: 640px) 100vw, 640px" /></p>
<div class="containerblocchetti">
<div class="blocchettosx">
<h3 style="text-align: justify;"><strong>Corte a medida</strong></h3>
<p><img loading="lazy" decoding="async" class="alignnone size-full wp-image-1714" title="mini-taglio" src="https://www.formesrl.com/wp-content/uploads/mini-taglio.jpg" alt="" width="308" height="106" srcset="https://www.formesrl.com/wp-content/uploads/mini-taglio.jpg 308w, https://www.formesrl.com/wp-content/uploads/mini-taglio-300x103.jpg 300w" sizes="auto, (max-width: 308px) 100vw, 308px" /></p>
<p style="text-align: justify;">El perfil se suministra, a petición del cliente, en barras cortadas a medida con una tolerancia de  -0+3 mm. Las barras así suministradas se podrán utilizar inmediatamente, sin recortes ni costes añadidos.<br />
<strong>El servicio de corte es completamente gratuito.</strong></p>
<p style="text-align: justify;">
</div>
<div class="blocchettodx">
<h3 style="text-align: justify;"><strong>Pronta entrega</strong></h3>
<p><img loading="lazy" decoding="async" class="alignnone size-full wp-image-1715" title="mini-prontaconsegna" src="https://www.formesrl.com/wp-content/uploads/mini-prontaconsegna.jpg" alt="" width="308" height="106" srcset="https://www.formesrl.com/wp-content/uploads/mini-prontaconsegna.jpg 308w, https://www.formesrl.com/wp-content/uploads/mini-prontaconsegna-300x103.jpg 300w" sizes="auto, (max-width: 308px) 100vw, 308px" /></p>
<p style="text-align: justify;">El perfil laminado se puede entregar muy rápidamente. El material está siempre disponible en el almacén.<br />
El pedido se envía inmediatamente a la sección de corte que, si fuera necesario, consigue enviarlo incluso en pocas horas.
</p>
<p style="text-align: justify;">
</div>
<div class="blocchettosx">
<h3 style="text-align: justify;"><strong>Envío del material</strong></h3>
<p><img loading="lazy" decoding="async" class="alignnone size-full wp-image-1716" title="mini-trasporto" src="https://www.formesrl.com/wp-content/uploads/mini-trasporto.jpg" alt="" width="308" height="106" srcset="https://www.formesrl.com/wp-content/uploads/mini-trasporto.jpg 308w, https://www.formesrl.com/wp-content/uploads/mini-trasporto-300x103.jpg 300w" sizes="auto, (max-width: 308px) 100vw, 308px" /></p>
<p style="text-align: justify;">No siempre las empresas están equipadas para retirar el material con sus vehículos y a menudo deben contratar nuevos transportistas con costes elevados.<br />
<em>Forme</em> ofrece la posibilidad de realizar el transporte con empresas concertadas, con costes bajos, cargando a los clientes el importe directamente en la factura..</p>
<p style="text-align: justify;">
</div>
<div class="blocchettodx">
<h3 style="text-align: justify;"><strong>Posventa</strong></h3>
<p style="text-align: justify;"><em><img loading="lazy" decoding="async" class="alignnone size-full wp-image-1969" title="mini-postvendita" src="https://www.formesrl.com/wp-content/uploads/mini-postvendita.jpg" alt="" width="308" height="106" srcset="https://www.formesrl.com/wp-content/uploads/mini-postvendita.jpg 308w, https://www.formesrl.com/wp-content/uploads/mini-postvendita-300x103.jpg 300w" sizes="auto, (max-width: 308px) 100vw, 308px" /></em></p>
<p style="text-align: justify;"><em>Forme</em> ofrece al cliente un servicio técnico pre y posventa. Nuestros encargados están a completa disposición para proporcionar asesoramiento con respecto al tipo de perfil necesario, su correcta aplicación y tipo de cojinete correspondiente.<br />
<em>Forme</em> es responsable del producto suministrado, siempre que se utilice correctamente</p>
<p style="text-align: justify;">
</div>
</div>
<p></p>

<p>Corte a medida El perfil se suministra, a petición del cliente, en barras cortadas a medida con una tolerancia de -0+3 mm. Las barras así suministradas se podrán utilizar inmediatamente, sin recortes ni costes añadidos. El servicio de corte es completamente gratuito. Pronta entrega El perfil laminado se puede entregar muy rápidamente. El material está [&hellip;]</p>
